{"id":74,"date":"2023-12-20T19:40:24","date_gmt":"2023-12-20T19:40:24","guid":{"rendered":"https:\/\/www.dergastrofuchs.de\/?page_id=74"},"modified":"2024-06-22T15:44:39","modified_gmt":"2024-06-22T15:44:39","slug":"gastro-kalkulation","status":"publish","type":"page","link":"https:\/\/www.dergastrofuchs.de\/?page_id=74","title":{"rendered":"Gastro-Kalkulation"},"content":{"rendered":"<div class=\"wp-block-image\">\n<figure class=\"aligncenter size-large is-resized\"><img loading=\"lazy\" decoding=\"async\" width=\"1024\" height=\"1024\" src=\"https:\/\/www.dergastrofuchs.de\/wp-content\/uploads\/2023\/12\/calculator-1019743_1280-1-1024x1024.jpg\" alt=\"\" class=\"wp-image-318\" style=\"width:246px;height:auto\" srcset=\"https:\/\/www.dergastrofuchs.de\/wp-content\/uploads\/2023\/12\/calculator-1019743_1280-1-1024x1024.jpg 1024w, https:\/\/www.dergastrofuchs.de\/wp-content\/uploads\/2023\/12\/calculator-1019743_1280-1-300x300.jpg 300w, https:\/\/www.dergastrofuchs.de\/wp-content\/uploads\/2023\/12\/calculator-1019743_1280-1-150x150.jpg 150w, https:\/\/www.dergastrofuchs.de\/wp-content\/uploads\/2023\/12\/calculator-1019743_1280-1-768x768.jpg 768w, https:\/\/www.dergastrofuchs.de\/wp-content\/uploads\/2023\/12\/calculator-1019743_1280-1-100x100.jpg 100w, https:\/\/www.dergastrofuchs.de\/wp-content\/uploads\/2023\/12\/calculator-1019743_1280-1.jpg 1280w\" sizes=\"(max-width: 1024px) 100vw, 1024px\" \/><\/figure><\/div>\n\n\n<p class=\"has-vivid-red-color has-text-color has-link-color has-medium-font-size wp-elements-5eba60a42765a884503c0f51c57bfc15\">Das offenkundig schwierigste Thema in der Gastronomie.<\/p>\n\n\n\n<p class=\"has-vivid-red-color has-text-color has-link-color has-medium-font-size wp-elements-43474cb688a6c7e070cfb5ff23a4fa9a\">Wie muss ich kalkulieren, dass die Kosten gedeckt sind und mir ein Gewinn bleibt, damit ich am Ende nicht drauflegen oder sogar schlie\u00dfen muss? <\/p>\n\n\n\n<p class=\"has-vivid-red-color has-text-color has-link-color has-medium-font-size wp-elements-3519cab9e26d5e7ae39e57cf71326505\">Die meist gestellte Frage der Gastronomen.<\/p>\n\n\n\n<p class=\"has-vivid-red-color has-text-color has-link-color has-medium-font-size wp-elements-adea8155995cac1f4eeb74f219176db8\"><strong>Aber, keine Angst!<\/strong><\/p>\n\n\n\n<p class=\"has-vivid-red-color has-text-color has-link-color has-medium-font-size wp-elements-b601a66cc4a73b7b2d6a8ef3a5be5300\">Es ist einfacher, als Sie glauben.<\/p>\n\n\n\n<p class=\"has-vivid-red-color has-text-color has-link-color has-medium-font-size wp-elements-e34ebf521768be5c76fd329df4d39525\">Machen Sie mit mir einen pers\u00f6nlichen Termin und ich werde Ihnen <strong><em>Stepp by Stepp<\/em><\/strong> zeigen, was Sie beachten m\u00fcssen, um ein Kalkulationsschema  zu erhalten, welchen am Ende f\u00fcr Sie effizient ist. <\/p>\n\n\n\n<p class=\"has-vivid-red-color has-text-color has-link-color has-medium-font-size wp-elements-5d13a98f03a19ca7fa509f398a609ebe\">Sie werden danach keine Unsicherheit mehr haben und werden alles N\u00f6tige bei k\u00fcnftigen Kalkulationen zu Erfassen wissen, sodass Ihre Gesch\u00e4ftlichkeit  ein Erfolg wird.<\/p>\n\n\n\n<p class=\"has-vivid-red-color has-text-color has-link-color has-medium-font-size wp-elements-c93c02fda142fe87b7fbc7805a1070d7\">Und um ganz sicher zu gehen, buchen Sie einfach mein Seminar,                                          .<strong>&#8222;Die Welt der Gastronomiebetreiber&#8220;, <\/strong>Seminar Nr. 08. unter <strong><em>Personal-Coaching.<\/em><\/strong><\/p>\n\n\n\n<p class=\"has-vivid-red-color has-text-color has-link-color has-medium-font-size wp-elements-0c287906137526b0901079516e4c27a1\">Bestimmt ist hier einiges dabei, was Sie Interessieren k\u00f6nnte.<\/p>\n\n\n\n<p class=\"has-vivid-red-color has-text-color has-link-color has-medium-font-size wp-elements-c4fca5cf84356a1db5587be1c35a23b5\">Ich freue mich auf Ihren Kontakt.<\/p>\n\n\n\n<p class=\"has-vivid-red-color has-text-color has-link-color has-medium-font-size wp-elements-55a16a8ff3c95ea737bc8e6a92854410\"><strong>Ronald Christ<\/strong>, <\/p>\n\n\n\n<p class=\"has-luminous-vivid-orange-color has-text-color has-link-color has-medium-font-size wp-elements-b3b72a1b79e978ac840e96b54e7170f5\"><strong>Ma\u00eetre de Cuisine + Seminar-Leiter<\/strong><\/p>\n","protected":false},"excerpt":{"rendered":"<p>Das offenkundig schwierigste Thema in der Gastronomie. Wie muss ich kalkulieren, dass die Kosten gedeckt sind und mir ein Gewinn bleibt, damit ich am Ende nicht drauflegen oder sogar schlie\u00dfen muss? Die meist gestellte Frage der Gastronomen. Aber, keine Angst! Es ist einfacher, als Sie glauben. Machen Sie mit mir einen pers\u00f6nlichen Termin und ich [&hellip;]<\/p>\n","protected":false},"author":1,"featured_media":0,"parent":0,"menu_order":0,"comment_status":"closed","ping_status":"closed","template":"","meta":{"footnotes":""},"_links":{"self":[{"href":"https:\/\/www.dergastrofuchs.de\/index.php?rest_route=\/wp\/v2\/pages\/74"}],"collection":[{"href":"https:\/\/www.dergastrofuchs.de\/index.php?rest_route=\/wp\/v2\/pages"}],"about":[{"href":"https:\/\/www.dergastrofuchs.de\/index.php?rest_route=\/wp\/v2\/types\/page"}],"author":[{"embeddable":true,"href":"https:\/\/www.dergastrofuchs.de\/index.php?rest_route=\/wp\/v2\/users\/1"}],"replies":[{"embeddable":true,"href":"https:\/\/www.dergastrofuchs.de\/index.php?rest_route=%2Fwp%2Fv2%2Fcomments&post=74"}],"version-history":[{"count":5,"href":"https:\/\/www.dergastrofuchs.de\/index.php?rest_route=\/wp\/v2\/pages\/74\/revisions"}],"predecessor-version":[{"id":623,"href":"https:\/\/www.dergastrofuchs.de\/index.php?rest_route=\/wp\/v2\/pages\/74\/revisions\/623"}],"wp:attachment":[{"href":"https:\/\/www.dergastrofuchs.de\/index.php?rest_route=%2Fwp%2Fv2%2Fmedia&parent=74"}],"curies":[{"name":"wp","href":"https:\/\/api.w.org\/{rel}","templated":true}]}}